{"id":15241,"date":"2024-11-17T20:23:17","date_gmt":"2024-11-18T01:23:17","guid":{"rendered":"https:\/\/www.vtsac.com\/?post_type=product&#038;p=15241"},"modified":"2024-11-17T20:23:17","modified_gmt":"2024-11-18T01:23:17","slug":"challenger-sk4-35pl-5-litros","status":"publish","type":"product","link":"https:\/\/www.vtsac.com\/?product=challenger-sk4-35pl-5-litros","title":{"rendered":"Challenger SK4 35PL 5 Litros"},"content":{"rendered":"","protected":false},"excerpt":{"rendered":"<p>Tinta solvente de 35 picolitros para impresora de inyecci\u00f3n de tinta, m\u00e1quina de impresi\u00f3n.<\/p>\n","protected":false},"featured_media":0,"comment_status":"open","ping_status":"closed","template":"","meta":[],"product_brand":[],"product_cat":[72],"product_tag":[],"class_list":{"0":"post-15241","1":"product","2":"type-product","3":"status-publish","5":"product_cat-tintas","7":"first","8":"instock","9":"shipping-taxable","10":"product-type-simple"},"_links":{"self":[{"href":"https:\/\/www.vtsac.com\/index.php?rest_route=\/wp\/v2\/product\/15241","targetHints":{"allow":["GET"]}}],"collection":[{"href":"https:\/\/www.vtsac.com\/index.php?rest_route=\/wp\/v2\/product"}],"about":[{"href":"https:\/\/www.vtsac.com\/index.php?rest_route=\/wp\/v2\/types\/product"}],"replies":[{"embeddable":true,"href":"https:\/\/www.vtsac.com\/index.php?rest_route=%2Fwp%2Fv2%2Fcomments&post=15241"}],"wp:attachment":[{"href":"https:\/\/www.vtsac.com\/index.php?rest_route=%2Fwp%2Fv2%2Fmedia&parent=15241"}],"wp:term":[{"taxonomy":"product_brand","embeddable":true,"href":"https:\/\/www.vtsac.com\/index.php?rest_route=%2Fwp%2Fv2%2Fproduct_brand&post=15241"},{"taxonomy":"product_cat","embeddable":true,"href":"https:\/\/www.vtsac.com\/index.php?rest_route=%2Fwp%2Fv2%2Fproduct_cat&post=15241"},{"taxonomy":"product_tag","embeddable":true,"href":"https:\/\/www.vtsac.com\/index.php?rest_route=%2Fwp%2Fv2%2Fproduct_tag&post=15241"}],"curies":[{"name":"wp","href":"https:\/\/api.w.org\/{rel}","templated":true}]}}