{"id":15236,"date":"2024-11-15T01:03:17","date_gmt":"2024-11-15T06:03:17","guid":{"rendered":"https:\/\/www.vtsac.com\/?post_type=product&#038;p=15236"},"modified":"2024-11-15T01:03:49","modified_gmt":"2024-11-15T06:03:49","slug":"roll-screen-con-clip-100cm-x-200cm","status":"publish","type":"product","link":"https:\/\/www.vtsac.com\/?product=roll-screen-con-clip-100cm-x-200cm","title":{"rendered":"Roll Screen con Clip 100cm x 200cm"},"content":{"rendered":"<p>Para uso publicitario en banner, viniles y papel photo interior y exterior port\u00e1til.<\/p>\n","protected":false},"excerpt":{"rendered":"<p>Display retractable a presi\u00f3n para uso en interiores y exteriores con sistema enrollable es de material de aluminio. S\u00faper port\u00e1til y practico, incluye bolsa negro de tela Oxford.<\/p>\n","protected":false},"featured_media":0,"comment_status":"open","ping_status":"closed","template":"","meta":[],"product_brand":[],"product_cat":[64],"product_tag":[],"class_list":{"0":"post-15236","1":"product","2":"type-product","3":"status-publish","5":"product_cat-roll-y-counter","7":"first","8":"instock","9":"shipping-taxable","10":"product-type-simple"},"_links":{"self":[{"href":"https:\/\/www.vtsac.com\/index.php?rest_route=\/wp\/v2\/product\/15236","targetHints":{"allow":["GET"]}}],"collection":[{"href":"https:\/\/www.vtsac.com\/index.php?rest_route=\/wp\/v2\/product"}],"about":[{"href":"https:\/\/www.vtsac.com\/index.php?rest_route=\/wp\/v2\/types\/product"}],"replies":[{"embeddable":true,"href":"https:\/\/www.vtsac.com\/index.php?rest_route=%2Fwp%2Fv2%2Fcomments&post=15236"}],"wp:attachment":[{"href":"https:\/\/www.vtsac.com\/index.php?rest_route=%2Fwp%2Fv2%2Fmedia&parent=15236"}],"wp:term":[{"taxonomy":"product_brand","embeddable":true,"href":"https:\/\/www.vtsac.com\/index.php?rest_route=%2Fwp%2Fv2%2Fproduct_brand&post=15236"},{"taxonomy":"product_cat","embeddable":true,"href":"https:\/\/www.vtsac.com\/index.php?rest_route=%2Fwp%2Fv2%2Fproduct_cat&post=15236"},{"taxonomy":"product_tag","embeddable":true,"href":"https:\/\/www.vtsac.com\/index.php?rest_route=%2Fwp%2Fv2%2Fproduct_tag&post=15236"}],"curies":[{"name":"wp","href":"https:\/\/api.w.org\/{rel}","templated":true}]}}