{"id":14866,"date":"2024-11-10T22:39:18","date_gmt":"2024-11-10T21:39:18","guid":{"rendered":"https:\/\/www.vtsac.com\/?post_type=product&#038;p=14866"},"modified":"2024-11-10T22:39:50","modified_gmt":"2024-11-10T21:39:50","slug":"acrilico-verde","status":"publish","type":"product","link":"https:\/\/www.vtsac.com\/?product=acrilico-verde","title":{"rendered":"Acr\u00edlico Verde"},"content":{"rendered":"","protected":false},"excerpt":{"rendered":"<p>Es un pol\u00edmero termopl\u00e1stico transparente o pigmentado. Se utiliza para letreros y exhibidores.<\/p>\n","protected":false},"featured_media":0,"comment_status":"open","ping_status":"closed","template":"","meta":[],"product_brand":[],"product_cat":[15],"product_tag":[],"class_list":{"0":"post-14866","1":"product","2":"type-product","3":"status-publish","5":"product_cat-acrilicos","7":"first","8":"instock","9":"shipping-taxable","10":"product-type-simple"},"_links":{"self":[{"href":"https:\/\/www.vtsac.com\/index.php?rest_route=\/wp\/v2\/product\/14866","targetHints":{"allow":["GET"]}}],"collection":[{"href":"https:\/\/www.vtsac.com\/index.php?rest_route=\/wp\/v2\/product"}],"about":[{"href":"https:\/\/www.vtsac.com\/index.php?rest_route=\/wp\/v2\/types\/product"}],"replies":[{"embeddable":true,"href":"https:\/\/www.vtsac.com\/index.php?rest_route=%2Fwp%2Fv2%2Fcomments&post=14866"}],"wp:attachment":[{"href":"https:\/\/www.vtsac.com\/index.php?rest_route=%2Fwp%2Fv2%2Fmedia&parent=14866"}],"wp:term":[{"taxonomy":"product_brand","embeddable":true,"href":"https:\/\/www.vtsac.com\/index.php?rest_route=%2Fwp%2Fv2%2Fproduct_brand&post=14866"},{"taxonomy":"product_cat","embeddable":true,"href":"https:\/\/www.vtsac.com\/index.php?rest_route=%2Fwp%2Fv2%2Fproduct_cat&post=14866"},{"taxonomy":"product_tag","embeddable":true,"href":"https:\/\/www.vtsac.com\/index.php?rest_route=%2Fwp%2Fv2%2Fproduct_tag&post=14866"}],"curies":[{"name":"wp","href":"https:\/\/api.w.org\/{rel}","templated":true}]}}